3, 827
List the prime factors of 31389.
3, 10463
List the prime factors of 6278.
2, 43, 73
List the prime factors of 236.
2, 59
What are the prime factors of 5445?
3, 5, 11
What are the prime factors of 1062?
2, 3, 59
List the prime factors of 2460.
2, 3, 5, 41
What are the prime factors of 498?
2, 3, 83
What are the prime factors of 76225?
5, 3049
What are the prime factors of 80136?
2, 3, 7, 53
List the prime factors of 1044.
2, 3, 29
What are the prime factors of 143741?
13, 11057
What are the prime factors of 10656?
2, 3, 37
What are the prime factors of 16201?
17, 953
What are the prime factors of 644?
2, 7, 23
What are the prime factors of 40750?
2, 5, 163
List the prime factors of 19545.
3, 5, 1303
List the prime factors of 3473.
23, 151
What are the prime factors of 16699?
16699
List the prime factors of 1027.
13, 79
What are the prime factors of 2651?
11, 241
What are the prime factors of 1940?
2, 5, 97
List the prime factors of 3045.
3, 5, 7, 29
List the prime factors of 1860.
2, 3, 5, 31
List the prime factors of 30396.
2, 3, 17, 149
List the prime factors of 1276.
2, 11, 29
List the prime factors of 18408.
2, 3, 13, 59
List the prime factors of 1765.
5, 353
What are the prime factors of 1665?
3, 5, 37
What are the prime factors of 64?
2
List the prime factors of 956.
2, 239
What are the prime factors of 3389?
3389
What are the prime factors of 1306?
2, 653
What are the prime factors of 4821?
3, 1607
List the prime factors of 5104.
2, 11, 29
List the prime factors of 14613.
3, 4871
What are the prime factors of 28273?
7, 577
List the prime factors of 70.
2, 5, 7
List the prime factors of 2145.
3, 5, 11, 13
List the prime factors of 48267.
3, 31, 173
What are the prime factors of 6160?
2, 5, 7, 11
What are the prime factors of 2705?
5, 541
What are the prime factors of 8741?
8741
List the prime factors of 8337.
3, 7, 397
List the prime factors of 4555.
5, 911
List the prime factors of 1246.
2, 7, 89
What are the prime factors of 16918?
2, 11, 769
What are the prime factors of 12581?
23, 547
List the prime factors of 1694.
2, 7, 11
List the prime factors of 698.
2, 349
List the prime factors of 46189.
11, 13, 17, 19
What are the prime factors of 84070?
2, 5, 7, 1201
List the prime factors of 79309.
79309
What are the prime factors of 5187?
3, 7, 13, 19
List the prime factors of 1615.
5, 17, 19
What are the prime factors of 1306?
2, 653
What are the prime factors of 43272?
2, 3, 601
What are the prime factors of 17520?
2, 3, 5, 73
What are the prime factors of 2751?
3, 7, 131
What are the prime factors of 44977?
41, 1097
What are the prime factors of 153935?
5, 17, 1811
What are the prime factors of 2826?
2, 3, 157
List the prime factors of 1031.
1031
List the prime factors of 16592.
2, 17, 61
What are the prime factors of 65888?
2, 29, 71
List the prime factors of 49814.
2, 24907
What are the prime factors of 13562?
2, 6781
List the prime factors of 66727.
53, 1259
List the prime factors of 4055.
5, 811
List the prime factors of 6743.
11, 613
What are the prime factors of 1540?
2, 5, 7, 11
List the prime factors of 1225.
5, 7
List the prime factors of 767.
13, 59
What are the prime factors of 39195?
3, 5, 13, 67
What are the prime factors of 78?
2, 3, 13
What are the prime factors of 3686?
2, 19, 97
What are the prime factors of 1860?
2, 3, 5, 31
What are the prime factors of 62061?
3, 137, 151
List the prime factors of 41698.
2, 20849
What are the prime factors of 9232?
2, 577
List the prime factors of 133.
7, 19
List the prime factors of 3385.
5, 677
List the prime factors of 61800.
2, 3, 5, 103
What are the prime factors of 2372?
2, 593
What are the prime factors of 1071?
3, 7, 17
What are the prime factors of 47263?
151, 313
What are the prime factors of 12758?
2, 6379
List the prime factors of 836.
2, 11, 19
What are the prime factors of 516?
2, 3, 43
What are the prime factors of 40476?
2, 3, 3373
What are the prime factors of 11054?
2, 5527
List the prime factors of 4659.
3, 1553
List the prime factors of 33413.
33413
List the prime factors of 69561.
3, 59, 131
List the prime factors of 185197.
41, 4517
What are the prime factors of 22818?
2, 3, 3803
What are the prime factors of 23108?
2, 53, 109
List the prime factors of 568.
2, 71
List the prime factors of 7777.
7, 11, 101
List the prime factors of 2219.
7, 317
What are the prime factors of 436?
2, 109
List the prime factors of 5150.
2, 5, 103
List the prime factors of 1002.
2, 3, 167
List the prime factors of 2783.
11, 23
List the prime factors of 71377.
137, 521
List the prime factors of 306.
2, 3, 17
List the prime factors of 837.
3, 31
List the prime factors of 124415.
5, 149, 167
List the prime factors of 35841.
3, 13, 919
What are the prime factors of 4971?
3, 1657
List the prime factors of 9187.
9187
What are the prime factors of 18800?
2, 5, 47
What are the prime factors of 9613?
9613
What are the prime factors of 33210?
2, 3, 5, 41
What are the prime factors of 78740?
2, 5, 31, 127
What are the prime factors of 512?
2
What are the prime factors of 1186?
2, 593
List the prime factors of 47104.
2, 23
What are the prime factors of 5309?
5309
What are the prime factors of 851?
23, 37
List the prime factors of 24318.
2, 3, 7, 193
What are the prime factors of 32484?
2, 3, 2707
What are the prime factors of 2101?
11, 191
List the prime factors of 2203.
2203
What are the prime factors of 22568?
2, 7, 13, 31
What are the prime factors of 1329?
3, 443
List the prime factors of 7300.
2, 5, 73
What are the prime factors of 9419?
9419
List the prime factors of 29.
29
What are the prime factors of 632?
2, 79
What are the prime factors of 1155?
3, 5, 7, 11
List the prime factors of 4955.
5, 991
List the prime factors of 54698.
2, 7, 3907
What are the prime factors of 3771?
3, 419
List the prime factors of 196.
2, 7
List the prime factors of 84822.
2, 3, 67, 211
List the prime factors of 9535.
5, 1907
What are the prime factors of 36655?
5, 7331
List the prime factors of 13212.
2, 3, 367
List the prime factors of 2580.
2, 3, 5, 43
What are the prime factors of 2725?
5, 109
What are the prime factors of 83851?
71, 1181
What are the prime factors of 917?
7, 131
What are the prime factors of 58510?
2, 5, 5851
List the prime factors of 568.
2, 71
List the prime factors of 58910.
2, 5, 43, 137
What are the prime factors of 4615?
5, 13, 71
List the prime factors of 1135.
5, 227
What are the prime factors of 219?
3, 73
List the prime factors of 1275.
3, 5, 17
List the prime factors of 106222.
2, 173, 307
List the prime factors of 893.
19, 47
List the prime factors of 136.
2, 17
What are the prime factors of 31452?
2, 3, 2621
What are the prime factors of 4635?
3, 5, 103
List the prime factors of 21343.
7, 3049
What are the prime factors of 12039?
3, 4013
What are the prime factors of 1050?
2, 3, 5, 7
What are the prime factors of 458?
2, 229
What are the prime factors of 15612?
2, 3, 1301
List the prime factors of 76180.
2, 5, 13, 293
List the prime factors of 43683.
3, 14561
List the prime factors of 87011.
87011
What are the prime factors of 347?
347
List the prime factors of 86509.
86509
What are the prime factors of 2778?
2, 3, 463
List the prime factors of 14998.
2, 7499
List the prime factors of 4251.
3, 13, 109
List the prime factors of 1711.
29, 59
What are the prime factors of 2308?
2, 577
What are the prime factors of 26785?
5, 11, 487
What are the prime factors of 80360?
2, 5, 7, 41
List the prime factors of 196.
2, 7
List the prime factors of 204.
2, 3, 17
List the prime factors of 1810.
2, 5, 181
List the prime factors of 1837.
11, 167
List the prime factors of 1766.
2, 883
List the prime factors of 5458.
2, 2729
What are the prime factors of 754?
2, 13, 29
What are the prime factors of 93916?
2, 53, 443
What are the prime factors of 6049?
23, 263
What are the prime factors of 6111?
3, 7, 97
What are the prime factors of 2240?
2, 5, 7
What are the prime factors of 2711?
2711
What are the prime factors of 7736?
2, 967
What are the prime factors of 81?
3
List the prime factors of 35785.
5, 17, 421
List the prime factors of 2812.
2, 19, 37
What are the prime factors of 89443?
89443
List the prime factors of 155896.
2, 13, 1499
List the prime factors of 4797.
3, 13, 41
List